ghest common divisor of 56 and 2268?
28
Calculate the highest common divisor of 77 and 99.
11
What is the greatest common factor of 52 and 1092?
52
Calculate the highest common factor of 27 and 178713.
27
Calculate the highest common divisor of 47 and 752.
47
What is the highest common factor of 4160 and 52?
52
Calculate the greatest common factor of 162 and 1782.
162
What is the greatest common divisor of 252 and 952?
28
What is the highest common factor of 1247 and 43?
43
What is the highest common factor of 3828 and 44?
44
Calculate the greatest common divisor of 123 and 4264.
41
What is the highest common factor of 28 and 132?
4
What is the highest common divisor of 2172 and 384?
12
What is the greatest common factor of 17 and 1?
1
Calculate the greatest common factor of 752 and 94.
94
What is the greatest common divisor of 23 and 299?
23
What is the highest common factor of 90582 and 186?
186
What is the greatest common divisor of 2662 and 242?
242
What is the greatest common factor of 1176 and 240?
24
What is the highest common factor of 1700 and 80?
20
Calculate the greatest common factor of 42 and 714.
42
What is the greatest common divisor of 670 and 5?
5
Calculate the highest common factor of 64 and 192.
64
Calculate the highest common factor of 24 and 7248.
24
Calculate the highest common divisor of 41426 and 154.
154
What is the greatest common factor of 168 and 273?
21
Calculate the greatest common divisor of 64 and 16.
16
What is the greatest common factor of 200 and 25?
25
Calculate the highest common factor of 333 and 81.
9
Calculate the greatest common factor of 1576 and 24.
8
Calculate the greatest common factor of 915 and 45.
15
What is the highest common divisor of 11234 and 548?
274
What is the greatest common divisor of 204 and 888?
12
What is the highest common divisor of 629 and 391?
17
What is the highest common factor of 20 and 412?
4
What is the greatest common factor of 558 and 651?
93
What is the highest common divisor of 70 and 91?
7
Calculate the greatest common divisor of 4342 and 325.
13
What is the greatest common factor of 2355 and 628?
157
What is the greatest common factor of 72 and 738?
18
What is the highest common factor of 44 and 57508?
44
Calculate the highest common divisor of 17 and 2.
1
Calculate the greatest common divisor of 27 and 783.
27
What is the highest common divisor of 946 and 86?
86
Calculate the greatest common divisor of 38799 and 243.
81
What is the greatest common divisor of 680 and 40?
40
What is the highest common factor of 395 and 2133?
79
Calculate the highest common divisor of 2257 and 111.
37
What is the greatest common divisor of 79 and 79?
79
Calculate the greatest common factor of 14 and 592.
2
Calculate the greatest common divisor of 7692 and 12.
12
Calculate the highest common factor of 568 and 20022.
142
What is the greatest common divisor of 1 and 449?
1
What is the highest common divisor of 416 and 156?
52
Calculate the greatest common divisor of 5499 and 1521.
117
What is the greatest common factor of 1650 and 400?
50
Calculate the greatest common factor of 2 and 18.
2
Calculate the highest common divisor of 720 and 45.
45
Calculate the highest common divisor of 4424 and 224.
56
What is the highest common divisor of 56 and 32?
8
What is the highest common divisor of 968 and 616?
88
What is the highest common divisor of 81 and 3105?
27
Calculate the highest common divisor of 52 and 1378.
26
Calculate the highest common factor of 56 and 32.
8
What is the greatest common divisor of 90 and 105?
15
Calculate the highest common divisor of 78 and 585.
39
What is the greatest common factor of 276 and 92?
92
Calculate the greatest common factor of 594 and 88.
22
What is the highest common factor of 1122 and 66?
66
What is the greatest common factor of 272 and 17?
17
What is the greatest common divisor of 120 and 1160?
40
What is the highest common divisor of 774 and 18?
18
What is the highest common factor of 221 and 17?
17
Calculate the greatest common factor of 190 and 20.
10
What is the highest common factor of 7 and 203?
7
What is the greatest common factor of 20 and 160?
20
Calculate the highest common divisor of 3723 and 51.
51
Calculate the greatest common divisor of 297 and 11.
11
What is the highest common factor of 540 and 60?
60
What is the highest common divisor of 14 and 63?
7
What is the highest common factor of 2116 and 368?
92
Calculate the highest common divisor of 220 and 180.
20
What is the greatest common divisor of 405 and 15?
15
What is the greatest common factor of 100 and 20?
20
What is the greatest common factor of 4 and 2?
2
Calculate the highest common divisor of 2 and 50.
2
What is the greatest common divisor of 9 and 44001?
9
What is the highest common factor of 144 and 10272?
48
What is the greatest common divisor of 76 and 4?
4
Calculate the highest common factor of 15343 and 229.
229
What is the highest common factor of 78 and 12?
6
What is the highest common factor of 126 and 1638?
126
What is the greatest common divisor of 45 and 9?
9
What is the highest common divisor of 64 and 14?
2
What is the greatest common factor of 3 and 255?
3
Calculate the greatest common factor of 603 and 99.
9
What is the greatest common factor of 91 and 490?
7
Calculate the greatest common factor of 3359 and 2.
1
Calculate the highest common factor of 380 and 20.
20
Calculate the greatest common divisor of 1440 and 40.
40
Calculate the greatest common divisor of 5699 and 1529.
139
What is the greatest common divisor of 3962 and 112?
14
What is the greatest common factor of 747 and 18?
9
Calculate the greatest common divisor of 120 and 660.
60
Calculate the highest common divisor of 884 and 408.
68
Calculate the highest common divisor of 568 and 8.
8
What is the greatest common factor of 16 and 26760?
8
What is the greatest common factor of 2768 and 16?
16
What is the highest common divisor of 14944 and 32?
32
Calculate the highest common divisor of 11224 and 368.
184
What is the highest common divisor of 21177 and 362?
181
Calculate the highest common divisor of 212 and 53.
53
Calculate the highest common factor of 360 and 860.
20
What is the highest common factor of 3526 and 328?
82
Calculate the highest common factor of 72 and 39.
3
Calculate the greatest common factor of 2054 and 237.
79
What is the greatest common factor of 39 and 17251?
13
What is the highest common divisor of 80544 and 48?
48
What is the highest common divisor of 75 and 1200?
75
Calculate the greatest common factor of 11 and 1837.
11
What is the greatest common factor of 8046 and 6?
6
Calculate the greatest common factor of 17197 and 29.
29
Calculate the greatest common factor of 60 and 48.
12
Calculate the highest common divisor of 48 and 264.
24
What is the greatest common factor of 21 and 196?
7
What is the greatest common divisor of 2421 and 9?
9
What is the highest common factor of 228 and 2698?
38
What is the greatest common factor of 668 and 4?
4
Calculate the greatest common divisor of 120 and 19320.
120
Calculate the greatest common divisor of 266 and 112.
14
Calculate the highest common divisor of 567 and 216.
27
Calculate the highest common factor of 16093 and 88.
11
What is the greatest common factor of 4 and 100?
4
Calculate the greatest common divisor of 15 and 5655.
15
Calculate the greatest common divisor of 59 and 7139.
59
What is the highest common factor of 60 and 105?
15
What is the greatest common divisor of 100 and 3980?
20
What is the greatest common divisor of 3 and 381?
3
Calculate the greatest common factor of 5450 and 30.
10
What is the highest common divisor of 70 and 28?
14
Calculate the highest common factor of 31 and 2201.
31
What is the highest common divisor of 80 and 64?
16
Calculate the highest common factor of 45 and 90.
45
Calculate the greatest common divisor of 5457 and 107.
107
What is the greatest common divisor of 52 and 598?
26
Calculate the highest common divisor of 26 and 130.
26
Calculate the highest common divisor of 36 and 68.
4
Calculate the highest common factor of 2595 and 30.
15
What is the highest common factor of 36 and 81?
9
Calculate the highest common factor of 63 and 231.
21
What is the highest common factor of 624 and 28?
4
What is